{"id":17,"date":"2024-12-12T14:35:01","date_gmt":"2024-12-12T14:35:01","guid":{"rendered":"https:\/\/arztpost.at\/?page_id=17"},"modified":"2024-12-12T14:35:01","modified_gmt":"2024-12-12T14:35:01","slug":"impressum","status":"publish","type":"page","link":"https:\/\/arztpost.at\/?page_id=17","title":{"rendered":"Impressum"},"content":{"rendered":"\n<h2 class=\"wp-block-heading\">Eigent\u00fcmer und Herausgeber<\/h2>\n\n\n\n<p>INKA Solutions GmbH<br>Bundesstra\u00dfe 5c<br>6114 Kolsass<br>Austria<\/p>\n\n\n\n<p>Telefon: +43-5223-52019<\/p>\n\n\n\n<p>Firmenbuch: 134843z (LG Innsbruck)<br>UID &#8211; Nummer: ATU39013303<br>DVR &#8211; Nummer: 0817554<\/p>\n\n\n\n<h2 class=\"wp-block-heading\">F\u00fcr den Inhalt verantwortlich<\/h2>\n\n\n\n<p>Martin Angerer ( angerer@inka-solutions.at)<\/p>\n\n\n\n<h2 class=\"wp-block-heading\">Haftungsausschluss<\/h2>\n\n\n\n<p>INKA Solutions GmbH. \u00fcbernimmt keinerlei Gew\u00e4hr f\u00fcr Aktualit\u00e4t, Korrektheit, Vollst\u00e4ndigkeit oder Qualit\u00e4t der bereitgestellten Informationen. Haftungsanspr\u00fcche gegen die INKA Solutions GmbH., welche sich auf Sch\u00e4den jeglicher Art beziehen, die durch die Nutzung der dargebotenen Informationen verursacht wurden, sind ausgeschlossen.<\/p>\n\n\n\n<h2 class=\"wp-block-heading\">Abmahnungen<\/h2>\n\n\n\n<p>Wir akzeptieren keine Abmahnung ohne vorherige Kontaktaufnahme mit uns. Im Falle von wettbewerbsrechtlichen, domainrechtlichen, urheberrechtlichen oder \u00e4hnlichen Problemen welcher Art auch immer ersuchen wir Sie, uns zur Vermeidung unn\u00f6tiger Rechtsstreitigkeiten und den damit verbundenen Kosten im Vorfeld zu kontaktieren. Wir garantieren, dass zu Recht beanstandete Texte und\/oder Bilder unverz\u00fcglich entfernt werden, ohne dass von Ihrer Seite die Einschaltung eines Rechtsbeistandes erforderlich ist. Kostennoten einer anwaltlichen Abmahnung ohne vorangegangener Kontaktaufnahme mit uns werden im Sinne der Schadensminderungspflicht als unbegr\u00fcndet zur\u00fcckgewiesen und erzwungenenfalls Gegenklage wegen Verletzung der vorgenannten Bestimmungen erhoben.<\/p>\n","protected":false},"excerpt":{"rendered":"<p>Eigent\u00fcmer und Herausgeber INKA Solutions GmbHBundesstra\u00dfe 5c6114 KolsassAustria Telefon: +43-5223-52019 Firmenbuch: 134843z (LG Innsbruck)UID &#8211; Nummer: ATU39013303DVR &#8211; Nummer: 0817554 F\u00fcr den Inhalt verantwortlich Martin Angerer ( angerer@inka-solutions.at) Haftungsausschluss INKA Solutions GmbH. \u00fcbernimmt keinerlei Gew\u00e4hr f\u00fcr Aktualit\u00e4t, Korrektheit, Vollst\u00e4ndigkeit oder Qualit\u00e4t der bereitgestellten Informationen. Haftungsanspr\u00fcche gegen die INKA Solutions GmbH., welche sich auf Sch\u00e4den jeglicher [&hellip;]<\/p>\n","protected":false},"author":1,"featured_media":0,"parent":0,"menu_order":0,"comment_status":"closed","ping_status":"closed","template":"","meta":{"footnotes":""},"class_list":["post-17","page","type-page","status-publish","hentry"],"_links":{"self":[{"href":"https:\/\/arztpost.at\/index.php?rest_route=\/wp\/v2\/pages\/17","targetHints":{"allow":["GET"]}}],"collection":[{"href":"https:\/\/arztpost.at\/index.php?rest_route=\/wp\/v2\/pages"}],"about":[{"href":"https:\/\/arztpost.at\/index.php?rest_route=\/wp\/v2\/types\/page"}],"author":[{"embeddable":true,"href":"https:\/\/arztpost.at\/index.php?rest_route=\/wp\/v2\/users\/1"}],"replies":[{"embeddable":true,"href":"https:\/\/arztpost.at\/index.php?rest_route=%2Fwp%2Fv2%2Fcomments&post=17"}],"version-history":[{"count":1,"href":"https:\/\/arztpost.at\/index.php?rest_route=\/wp\/v2\/pages\/17\/revisions"}],"predecessor-version":[{"id":19,"href":"https:\/\/arztpost.at\/index.php?rest_route=\/wp\/v2\/pages\/17\/revisions\/19"}],"wp:attachment":[{"href":"https:\/\/arztpost.at\/index.php?rest_route=%2Fwp%2Fv2%2Fmedia&parent=17"}],"curies":[{"name":"wp","href":"https:\/\/api.w.org\/{rel}","templated":true}]}}